(g). Suppose 20 = 2*b - 0*b + 2*r, -r = n*b - 25. List the prime factors of b.
3, 5
Let c = -8 + 54. List the prime factors of c.
2, 23
Suppose 5*p = 4*r - 20, p - 5*r = -5 + 1. Let f be p/8 + 29/2. What are the prime factors of 150/f + (-4)/(-14)?
11
Suppose r + 2*f - 6 = 0, -3 = -5*r + 4*f - 15. Suppose s + 3*l = 15, r*s + 55 = 5*s + 5*l. List the prime factors of s.
3
Suppose l + 0*l - 34 = 0. List the prime factors of l.
2, 17
Let y(x) = -10*x + x**3 - 2*x - 3 + 0*x**2 - 12 + 9*x**2. List the prime factors of y(-10).
5
Let q(l) = -l**3 + 9*l**2 + 7*l - 13. What are the prime factors of q(9)?
2, 5
Let v(q) = q**3 - 7*q**2 + 6*q + 1. Let y be v(6). List the prime factors of (-192)/(-10) + y/(-5).
19
Let u be 2/(-5) + 128/(-5). Let w = -7 - u. List the prime factors of w.
19
Let x(d) = 7*d**3 - 2*d**2 + 2*d + 2. Let z be x(2). Suppose z = u + 2*u. What are the prime factors of u?
2, 3
Let q = 6 + -3. Suppose -k = q*n + 40, 2*n + 8 + 2 = 0. Let t = -13 - k. What are the prime factors of t?
2, 3
Let a be 21/6 + (-2)/4. Suppose 5 = a*r - 10. What are the prime factors of r?
5
Let i = -10 - -7. Let v = 9 + i. Let b(k) = k**2 - 5*k + 2. List the prime factors of b(v).
2
Let c(y) = -40*y - 1. Let j be (3 - (-2 - -3))/(-2). What are the prime factors of c(j)?
3, 13
Let o be 0/2 + -7 + -1. Let b(t) be the first derivative of -t**4/4 - 8*t**3/3 - t**2/2 + 7*t + 12. What are the prime factors of b(o)?
3, 5
Let b = -78 - -204. List the prime factors of b.
2, 3, 7
Let v = 94 - 50. List the prime factors of v.
2, 11
Let g = -6 - -7. Suppose y + 8 = -3*y. List the prime factors of (y - g)/(-1) - -1.
2
Let x be (-4 - -1)/(1 - 2). Suppose 0 = -3*i - x + 15. List the prime factors of i.
2
Let w = 410 - 215. List the prime factors of w.
3, 5, 13
Let q = -23 - -94. What are the prime factors of q?
71
Suppose -3 = 2*c + q, -5*c - 11 = -4*q - 36. Let k be c + 1 + -2 + 1. List the prime factors of 2*k*6/6.
2
Suppose x - 3*x + 22 = 0. Suppose -14 = -12*k + x*k. What are the prime factors of k?
2, 7
Let x = 307 - 219. List the prime factors of x.
2, 11
Suppose 5*p = p - 24. Suppose -3*v + 30 = 2*v. Let l = v - p. List the prime factors of l.
2, 3
Suppose p = -0 + 8. List the prime factors of p.
2
Let d = -49 + 101. List the prime factors of d.
2, 13
Suppose t - 27 = 27. Suppose -y + b + 24 = y, 0 = 5*y - 4*b - t. Suppose -5*a = -54 + y. What are the prime factors of a?
2
Suppose 0 = 2*o + 3*o. Let c(w) = -w**3 + 20. List the prime factors of c(o).
2, 5
Let n(g) = g + 6. Let d = 3 + -5. Let k = d - -9. List the prime factors of n(k).
13
Let f(q) = -4*q**2 + 5*q**2 + 3*q**2 + 2 - q**3 - 3*q. Let b be (-6)/(-9) + (-7)/(-3). List the prime factors of f(b).
2
Let f = 7 - 4. Let m(i) = -2*i**2 + i + 1. Let k be m(f). What are the prime factors of -3 + 3 - -3 - k?
17
Let u(q) = q + 15. Let l be 1*(0/1 + 0). List the prime factors of u(l).
3, 5
Let b(n) = -n**2 - 2*n + 2. Let l be b(-2). Suppose 15 = 3*g + 3*p - 6*p, -10 = -l*g + 4*p. What are the prime factors of g?
5
Suppose -23 = -2*s + 3. What are the prime factors of s?
13
Let h(c) = -c**3 - 7*c**2 - c - 3. Suppose 4*d - 3*u = 2*u - 23, 5*u + 5 = 0. What are the prime factors of h(d)?
2
Suppose 699 + 253 = 4*u + 2*g, 0 = 2*u - 4*g - 456. List the prime factors of u.
2, 59
Suppose 0 = -p + 3*p - 130. List the prime factors of p.
5, 13
Suppose 0 = -2*p + 212 + 304. What are the prime factors of p?
2, 3, 43
Let y = 40 - 11. Suppose 0 = 3*n - 43 - y. List the prime factors of n.
2, 3
Suppose g + 25 = -5*f, -2*g = -0*g + f + 5. Let h(w) = w**2 + w - 2. Let n be h(g). Let m = 8 + n. List the prime factors of m.
2, 3
Let b(x) = x**3 + 3*x**2 + 2*x + 5. Let h be b(-4). Let a be (-6)/4 - 85/10. Let c = a - h. What are the prime factors of c?
3
Suppose 10 = 3*n - n. Suppose 7 = -0*o + n*o - q, 3*o + q = 9. List the prime factors of (-3)/(-6) + 27/o.
2, 7
Suppose 3*o - 47 = 58. What are the prime factors of o?
5, 7
Let m(u) = 3*u**2 - 9*u - 9. What are the prime factors of m(9)?
3, 17
Let i(x) be the second derivative of -x**3/6 + 3*x**2 + 3*x. Let y = -11 + 15. List the prime factors of i(y).
2
Let s(r) = r**3 - 5*r**2 + 3*r. Let y be s(4). What are the prime factors of 2*((-290)/y)/5?
29
Suppose 0 = -2*o - 4*j + 16, -2*j + 16 = 4*o + 2*j. Let k be 3/(1 + 3/6). What are the prime factors of o + -3 + k - -8?
7
Suppose -2*u + 14 = 4*h, 5*u = -h - 0*h - 10. Let r = h + 7. List the prime factors of r.
2, 3
Suppose -4*y = -9*y + 25. Suppose 0 = -f - 2*z + 55, -y*f - 4*z + 221 = -30. What are the prime factors of f?
47
Suppose 102 = 5*z - 48. List the prime factors of z.
2, 3, 5
Suppose -140 = -4*u + 72. Let n = u - 126. List the prime factors of 2/(-8) + n/(-4).
2, 3
What are the prime factors of (-2)/12 + 2091/18?
2, 29
Let k = 75 + -10. List the prime factors of k.
5, 13
Let s = 1 - 2. Let k be 2/(-5) - (-48)/(-5). Let b = s - k. List the prime factors of b.
3
List the prime factors of 3 + 0 + 43 + 4.
2, 5
Let u(q) = -q**2 + 8*q + 13. List the prime factors of u(8).
13
Suppose 4*q - 274 = -42. What are the prime factors of q?
2, 29
Let y(i) = i**3 + 6*i**2 - 2*i - 3. Let x be y(-6). Suppose -5*g = -8*g - x. List the prime factors of -1*15/(9/g).
5
Suppose -o = 20 - 5. Let l = -8 - o. What are the prime factors of l?
7
Suppose -n = 4*r - 153, -6*r + 3*n + 165 = -2*r. What are the prime factors of r?
3, 13
Let u = -11 - -11. Let s be (-1)/(-2) - (-110)/4. Suppose -3*w + s - 4 = u. List the prime factors of w.
2
Let g = 2 + 3. Suppose 2*a = g*o - a, -25 = 5*a. List the prime factors of (-19)/(-3) - (-1)/o.
2, 3
Let y be ((-12)/6)/(1/(-2)). Suppose y*o - 49 = 27. What are the prime factors of o?
19
Let g be (-4)/(-4)*2/(-2). Let d be 103/4 - g/4. Let s = d + -13. List the prime factors of s.
13
List the prime factors of 0/((-6)/(-3)) - -13.
13
Suppose -4*f = 4*d - 4, -4*f + 0*d = -5*d - 13. Suppose f*w + 7 = 3*w. List the prime factors of w.
7
List the prime factors of ((-12)/(-14)*-29)/((-7)/49).
2, 3, 29
Let z(i) be the first derivative of i**3/3 + 5*i**2/2 + 4*i + 2. Suppose 0 = 3*n + 3*l - 5*l + 17, -n - 4*l = 1. List the prime factors of z(n).
2
Let k = -118 - -233. List the prime factors of k.
5, 23
Suppose -3*j + 25 = 2*g, -21 = -g - j - 7. What are the prime factors of g?
17
Let c be ((-12)/3 - -5)*3. Suppose -c*k = -113 - 1. What are the prime factors of k?
2, 19
Let x = 10 - 7. Suppose -1 = x*y - 13. List the prime factors of y.
2
Let t(y) be the third derivative of -y**4/24 - y**3 - 3*y**2. List the prime factors of t(-9).
3
Let g(i) = 3*i**2 - 2*i - 1. Let c(q) = -2*q**2. Let l be c(-1). Let w(u) = 16*u**2 - 9*u - 4. Let n(b) = l*w(b) + 11*g(b). What are the prime factors of n(-2)?
3
Let k(n) = 32*n**2 - 4*n - 3. List the prime factors of k(-1).
3, 11
Suppose 5*c - 91 - 104 = 0. What are the prime factors of c?
3, 13
Suppose 0 = -0*f + 3*f - 3. Let a(m) = 7*m**2 + 1. List the prime factors of a(f).
2
Suppose g - 5 = -0*g. List the prime factors of g.
5
Let t be (-6)/((-6)/(-10) - 1). Let z = 0 - -7. Suppose z = o + 4*d - d, 4*o - t = d. What are the prime factors of o?
2
Let l = -205 + 307. Suppose 0 = -0*k - 2*k + l. List the prime factors of k.
3, 17
Let q(o) = 6*o**3 - o**2 - o - 1. What are the prime factors of q(2)?
41
Let c(w) = 3*w - 6. Let y be c(9). Let m = 31 - y. List the prime factors of m.
2, 5
Let x(h) = -h**3 + 6*h**2 - 4*h - 7. Let b be x(5). Let i(a) be the first derivative of a**3 + a**2/2 - 2*a - 1. List the prime factors of i(b).
2
Let p = 23 - -5. What are the prime factors of p?
2, 7
Suppose 4*i - 850 = x, 4*i - 2*x = 939 - 91. List the prime factors of i.
3, 71
Let s(a) = 4*a + 1. Let f be s(1). Suppose 0 = 5*i + 4*y - 16, 2*y = f*i - 0*y - 22. List the prime factors of i.
2
Suppose -2*f - 35 = -7*f. Let h = f + -4. Suppose h*y = 2*i - 29, -5*i - y + 159 = 61. What are the prime factors of i?
19
Suppose -q = -10*f + 5*f + 104, 4*f + 2*q = 86. List the prime factors of f.
3, 7
Suppose -5*s + 456 = 3*v, 0 = 3*s - 0*s. What are the prime factors of v?
2, 19
Suppose 9*r + 15 = 4*r. Suppose 0 = -4*z - 4 + 8. List the prime factors of 16 + (-4 + z - r).
2
Let j = 1 - -9. List the prime factors of j.
2, 5
Suppose -95 = -2*a + 3*u - 0*u, 3*a - 4*u - 140 = 0. List the prime factors of a.
2, 5
Suppose d - 